 338?
False
Is 60 a factor of 103537?
False
Is 12 a factor of 433433?
False
Does 5 divide 409899?
False
Is 31072 a multiple of 32?
True
Is 67068 a multiple of 36?
True
Is 467955 a multiple of 184?
False
Does 16 divide 2306526?
False
Is 2516562 a multiple of 522?
True
Is 11151552 a multiple of 482?
True
Does 9 divide 6737834?
False
Does 47 divide 752611?
True
Is 128 a factor of 11743?
False
Is 55906 a multiple of 51?
False
Does 551 divide 4640117?
False
Is 763 a factor of 1137633?
True
Does 18 divide 1192446?
True
Is 62 a factor of 2000306?
True
Is 14 a factor of 45222?
False
Is 3256506 a multiple of 33?
True
Is 7 a factor of 184142?
True
Does 13 divide 1796002?
True
Is 4 a factor of 180648?
True
Is 22338 a multiple of 6?
True
Is 246 a factor of 812655?
False
Is 396880 a multiple of 16?
True
Is 148 a factor of 1181632?
True
Is 22 a factor of 375782?
True
Does 23 divide 1349837?
False
Is 554930 a multiple of 211?
True
Is 289 a factor of 416738?
True
Is 900 a factor of 5553378?
False
Is 3312634 a multiple of 10?
False
Is 2 a factor of 9110?
True
Is 231 a factor of 989652?
False
Is 7 a factor of 662603?
False
Is 337 a factor of 1115652?
False
Is 5277741 a multiple of 100?
False
Is 15 a factor of 2762982?
False
Is 89 a factor of 250659?
False
Is 129 a factor of 444276?
True
Is 148 a factor of 61701?
False
Is 299 a factor of 49057?
False
Is 5978899 a multiple of 642?
False
Is 1150240 a multiple of 182?
True
Is 13145073 a multiple of 109?
True
Does 10 divide 23036690?
True
Does 191 divide 17776?
False
Does 95 divide 207859?
False
Is 384 a factor of 499968?
True
Does 6 divide 29329?
False
Does 866 divide 11898564?
False
Does 218 divide 756834?
False
Is 32 a factor of 123616?
True
Is 241 a factor of 4452475?
True
Is 190459 a multiple of 50?
False
Is 27 a factor of 12073?
False
Is 16 a factor of 12821824?
True
Does 75 divide 32819?
False
Is 165 a factor of 747239?
False
Is 2741714 a multiple of 17?
False
Is 87014 a multiple of 59?
False
Does 321 divide 231716?
False
Is 5 a factor of 391490?
True
Is 3187080 a multiple of 52?
True
Does 13 divide 2806525?
False
Is 39 a factor of 3062650?
False
Does 51 divide 16071019?
False
Does 27 divide 422449?
False
Does 10 divide 368780?
True
Is 30 a factor of 4619586?
False
Is 22 a factor of 1160473?
False
Is 757671 a multiple of 31?
True
Does 175 divide 26075?
True
Is 70 a factor of 216384?
False
Is 264585 even?
False
Is 22333536 a multiple of 16?
True
Does 70 divide 208929?
False
Does 8 divide 185224?
True
Does 71 divide 1469203?
True
Is 866 a factor of 53692?
True
Is 11 a factor of 51283?
False
Is 266154 a multiple of 60?
False
Is 49400 a multiple of 23?
False
Does 9 divide 120942?
True
Is 4815664 a multiple of 496?
True
Does 60 divide 1741020?
True
Is 41 a factor of 8233901?
False
Is 396242 a multiple of 11?
True
Does 16 divide 1373519?
False
Is 2353600 a multiple of 200?
True
Does 129 divide 842102?
False
Is 213678 a multiple of 19?
False
Does 20 divide 10539840?
True
Does 320 divide 6678720?
True
Is 129594 a multiple of 6?
True
Is 26718964 a multiple of 78?
False
Is 429607 a multiple of 241?
False
Is 444034 a multiple of 36?
False
Is 5 a factor of 127240?
True
Is 17 a factor of 848753?
False
Does 3 divide 18423?
True
Is 4721415 a multiple of 8?
False
Is 267262 a multiple of 10?
False
Does 44 divide 824051?
False
Is 111869 a multiple of 44?
False
Is 396427 a multiple of 28?
False
Is 1954752 a multiple of 11?
False
Is 19 a factor of 81308?
False
Does 91 divide 1874321?
False
Is 501 a factor of 2041033?
False
Is 300 a factor of 1873200?
True
Does 12 divide 14239687?
False
Is 13 a factor of 9817145?
True
Is 4 a factor of 505133?
False
Does 43 divide 191585?
False
Does 109 divide 3381124?
False
Does 118 divide 15316?
False
Is 461 a factor of 92637?
False
Is 182 a factor of 4108104?
True
Is 111 a factor of 1196136?
True
Is 5 a factor of 33390?
True
Does 1048 divide 15783122?
False
Does 29 divide 21953?
True
Is 61056 a multiple of 18?
True
Is 20 a factor of 6182340?
True
Is 133 a factor of 2996889?
True
Is 10 a factor of 2861310?
True
Is 21 a factor of 1070055?
True
Is 2106588 a multiple of 4?
True
Is 54 a factor of 71405?
False
Is 214325 a multiple of 15?
False
Is 836 a factor of 372856?
True
Is 55 a factor of 1180905?
True
Is 247 a factor of 6916?
True
Is 566 a factor of 303138?
False
Does 229 divide 387909?
False
Does 86 divide 686518?
False
Is 317 a factor of 210129?
False
Does 4 divide 118187?
False
Is 399780 a multiple of 36?
True
Is 179 a factor of 5872095?
True
Is 18601563 a multiple of 180?
False
Does 45 divide 1177920?
True
Is 258402 a multiple of 19?
False
Does 113 divide 130319?
False
Does 13 divide 9127365?
True
Does 311 divide 1016022?
False
Is 1747800 a multiple of 40?
True
Does 79 divide 661991?
False
Is 518952 a multiple of 42?
True
Does 60 divide 1406839?
False
Is 310310 a multiple of 31?
True
Is 6 a factor of 239530?
False
Is 204 a factor of 321651?
False
Is 10 a factor of 311308?
False
Is 23358 a multiple of 3?
True
Is 1266 a factor of 4947528?
True
Does 1146 divide 16220311?
False
Is 574128 a multiple of 153?
False
Is 436066 a multiple of 25?
False
Is 63252 a multiple of 18?
True
Does 41 divide 29404?
False
Is 230447 a multiple of 27?
False
Is 11 a factor of 150176?
False
Is 9057020 a multiple of 73?
False
Does 13 divide 42432?
True
Is 56370 a multiple of 10?
True
Is 2796 a factor of 29165001?
False
Is 2065787 a multiple of 83?
True
Is 150894 a multiple of 6?
True
Is 62 a factor of 1510382?
True
Is 24 a factor of 11127168?
True
Is 13 a factor of 709469?
False
Does 62 divide 67828?
True
Is 6798367 a multiple of 461?
True
Does 46 divide 389068?
True
Is 24757 a multiple of 14?
False
Is 600 a factor of 703200?
True
Does 387 divide 34246785?
False
Does 38 divide 1640862?
False
Does 167 divide 993149?
True
Does 6 divide 927570?
True
Is 6077568 a multiple of 336?
True
Is 26680 a multiple of 10?
True
Is 15499113 a multiple of 1367?
False
Does 111 divide 113567?
False
Does 107 divide 239466?
True
Does 453 divide 48018?
True
Is 19491 a multiple of 116?
False
Does 27 divide 196263?
True
Is 31488 a multiple of 164?
True
Is 549080 a multiple of 53?
True
Is 2600134 a multiple of 192?
False
Is 1109082 a multiple of 354?
True
Is 31 a factor of 1912669?
True
Is 8496 a multiple of 3?
True
Is 14237652 a multiple of 858?
True
Is 1396869 a multiple of 146?
False
Is 520152 a multiple of 7?
False
Does 50 divide 3276800?
True
Is 9141 a multiple of 100?
False
Is 152 a factor of 124349?
False
Does 571 divide 2885277?
False
Does 4 divide 222400?
True
Is 3 a factor of 141104?
False
Does 47 divide 255026?
False
Is 27 a factor of 21843?
True
Is 290664 a multiple of 22?
True
Does 56 divide 436857?
False
Does 10 divide 154247?
False
Does 11 divide 20962?
False
Is 846776 a multiple of 8?
True
Is 334530 a multiple of 146?
False
Is 553012 a multiple of 23?
True
Does 550 divide 1085576?
False
Is 706650 a multiple of 10?
True
Is 9 a factor of 172323?
True
Is 580 a factor of 10586835?
False
Does 36 divide 40150?
False
Does 59 divide 490080?
False
Is 47 a factor of 233543?
True
Is 149339 a multiple of 43?
True
Does 41 divide 53773?
False
Does 9 divide 248601?
False
Is 4 a factor of 51684?
True
Is 11678 a multiple of 3?
False
Is 116 a factor of 2305268?
True
Is 1088175 a multiple of 46?
False
Is 1463085 a multiple of 45?
True
Is 93390 a multiple of 5?
True
Is 2974666 a multiple of 562?
True
Does 860 divide 918480?
True
Does 204 divide 348681?
False
Does 10 divide 1848710?
True
Is 28 a factor of 785260?
True
Is 209 a factor of 566302?
False
Is 37 a factor of 55500?
True
Is 23 a factor of 51727?
True
Does 6 divide 114470?
False
Is 330 a factor of 5695140?
True
Does 50 divide 612968?
False
Is 36987 a multiple of 3?
True
Is 48 a factor of 1242816?
True
Does 255 divide 5751525?
True
Is 36 a factor of 14164848?
True
Is 7 a factor of 634592?
True
Is 1742251 a multiple of 194?
False
Is 4986 a multiple of 18?
True
Is 298 a factor of 1076376?
True
Is 33 a factor of 98967?
True
Does 2 divide 43817?
False
Does 7 divide 4225913?
False
Is 25 a factor of 87875?
True
Is 28590 a multiple of 6?
True
Does 22 divide 114180?
True
Is 10136501 a multiple of 41?
False
Is 7 a factor of 124360?
False
Is 607613 a multiple of 384?
False
Is 6 a factor of 73725?